. Let s be d(2). What is the highest common divisor of s and 8?
8
Suppose -3*s + 12 = -3. Suppose s*d = 3*v + 108, d - 5*v = -1 + 5. Let o = 244 + -124. Calculate the greatest common divisor of d and o.
24
Let y = 2020 - 1952. Calculate the greatest common factor of y and 306.
34
Suppose 6*a - 118 = 296. Calculate the greatest common divisor of 69 and a.
69
Suppose k + 174 = b, k = 5*b - 2*k - 864. Calculate the highest common divisor of 19 and b.
19
Let p(m) = m - 10. Let r be p(15). Suppose -r + 25 = 5*n. Suppose 63 = 7*s - n*s. What is the highest common divisor of 21 and s?
21
Let f = 2 + 19. What is the greatest common factor of 119 and f?
7
Let d = 15 + -9. Suppose d*b - 12 = -0*b. Suppose -575 = b*w - 7*w. Calculate the greatest common divisor of 46 and w.
23
Let c = -1262 - -1313. What is the highest common factor of 17 and c?
17
Let c(m) = -17*m - 1 + 7*m**2 - 4*m**2 + 10. Let v be c(11). What is the highest common divisor of v and 37?
37
Let f(d) = -d + 15. Let o be f(13). Let q be (o + 8/6)*12. Suppose -q = -3*b - 1. What is the greatest common factor of 26 and b?
13
Let p = 6 - 6. Suppose -12*x = -10*x - 10. Suppose -2*c = -p*c - 8, t + x*c = 29. What is the highest common divisor of t and 1?
1
Suppose -h + 0*h - 24 = 0. Let p = h + 99. Let m = 185 + -170. Calculate the highest common divisor of p and m.
15
Let g = -13 + 16. Suppose -k = 5*n + 36 - 379, 5*n - g*k - 331 = 0. Let m = n + -20. What is the greatest common factor of 32 and m?
16
Suppose 0 = -29*v + 1211 + 1225. What is the highest common factor of 196 and v?
28
Let k(t) = -t**3 - 21*t**2 - 23*t + 81. Let q be k(-20). What is the greatest common factor of q and 376?
47
Suppose -3*n - 5*a + 47 = -0, -3*n + 4*a = -11. Let b be n + 15 + (-6)/2. Let r = -10 + b. Calculate the highest common factor of 44 and r.
11
Let i = -66 - -91. Calculate the highest common divisor of 200 and i.
25
Let b(h) = -19*h + 7. Let c be b(7). Let u be c/((-5)/(5/2)). What is the highest common factor of u and 9?
9
Let c(o) = -o**2 + 10*o + 8. Let r be c(10). Suppose 972 = 10*h - r*h. Let p be h/(-4)*(7 + -9). What is the greatest common factor of 27 and p?
27
Suppose -4*g + 2940 = -21*c + 20*c, c = -4*g + 2940. What is the greatest common factor of 140 and g?
35
Suppose 29*t = 38*t - 342. Calculate the greatest common divisor of t and 494.
38
Let j(n) = -n**3 - 8*n**2 - 6*n + 12. Let m be j(-7). What is the greatest common divisor of m and 55?
5
Let j(o) = -6*o + 2*o + 3 - 1 + 2*o. Let i be j(-4). Let m be 36/(i/4 + -1). What is the greatest common factor of 6 and m?
6
Suppose -z - 276 + 43 = -3*b, -b + 461 = -2*z. Let k be (2/(-4))/(5/z). What is the greatest common divisor of 92 and k?
23
Let l be (0 - -1) + (1 - 2). Suppose -3*n + 5*n - 176 = l. Let r = n - 48. Calculate the greatest common divisor of r and 8.
8
Let j = 2239 + -2233. What is the highest common divisor of j and 1158?
6
Suppose -4*z + 2*z - 6 = 0. Let f = 7 - z. Let o = f - -9. What is the highest common factor of 76 and o?
19
Suppose -1140 = -3*s - 4*r, -1137 = 2*s - 5*s - 5*r. What is the greatest common factor of s and 24?
24
Suppose 65*h + 5*m = 67*h - 20, 4*h = 2*m + 56. Calculate the greatest common divisor of 115 and h.
5
Let f = 38 - 2. Let g = -24 + f. Let n(j) = -j**2 + 4*j + 3. Let x be n(4). What is the greatest common divisor of x and g?
3
Suppose -2*b - 2*k = -6*k, 3*b - 4*k = 2. Let y be b + 38/7 - 16/(-28). What is the highest common factor of 8 and y?
8
Let n(o) = 2*o**2 - 29*o + 13. Let f(t) = -t**2 + 15*t - 6. Let b(d) = 11*f(d) + 6*n(d). Let i be b(9). Calculate the highest common divisor of i and 30.
6
Suppose -8*u + 129 = 1. Calculate the greatest common divisor of 472 and u.
8
Let w(j) be the first derivative of j**2/2 - 17*j + 4. Let n be w(11). Let c be (-1539)/(-36) + n/8. What is the highest common factor of c and 14?
14
Suppose 2 = 4*y - 22. Let j be (3/y)/((-6)/(-972)). Calculate the greatest common divisor of j and 54.
27
Suppose -148 = -40*r + 92. What is the greatest common divisor of r and 222?
6
Suppose 0 = 5*h - h - 56. Let j(g) = -3*g**2 + 47*g - 42. Let t be j(14). Calculate the highest common factor of t and h.
14
Let s(r) = -r**2 - 148*r - 1629. Let u be s(-12). Let a be -1 - -1*(24 - 2). What is the highest common divisor of a and u?
3
Suppose -7*k + 6*k - c = -41, -163 = -4*k - 5*c. Calculate the greatest common factor of 84 and k.
42
Let x be 135/(-45) + 2*6. Let a(z) = z - 3. Let k be a(5). Suppose -k*f - x + 35 = 0. Calculate the highest common factor of f and 39.
13
Suppose -15 = 5*k - 0. Let u = k + 45. What is the greatest common factor of 7 and u?
7
Let n be ((-21)/(-2))/(1/12). Suppose 0 = -5*d - g + 85, 3*d + 3*g = 2*g + 49. What is the greatest common divisor of n and d?
18
Suppose 7*s = 45*s - 4902. Calculate the greatest common factor of s and 86.
43
Let v = 94 + -22. Suppose 4*d = 4*q - 22 - 54, 3*d + 3*q = -51. Let t = 26 + d. What is the greatest common factor of t and v?
8
Suppose 3*r - 4*x = -2*r + 2643, -2118 = -4*r + 2*x. Calculate the highest common factor of 59 and r.
59
Let p be 38/10 - (-60)/(-75). What is the greatest common factor of p and 2?
1
Let l = -976 - -1444. What is the greatest common factor of l and 12?
12
Let r(b) be the second derivative of b**4/2 - 9*b**3/2 + 6*b**2 - 8*b. Let p be r(7). Calculate the highest common factor of p and 39.
39
Let d = 309 + -305. Calculate the highest common factor of d and 11.
1
Let y = -167 - -204. Suppose -648 = -2*s - 56. Calculate the greatest common divisor of y and s.
37
Suppose 2*m = -10, -t - 6*m + 312 = -10*m. What is the highest common factor of 365 and t?
73
Suppose 1760 = 8*w + 528. What is the greatest common divisor of w and 33?
11
Suppose -4*g + 20 = g. Let o = -73 + 105. What is the greatest common factor of o and g?
4
Let q = 72 + -70. Suppose -3*b + 1357 = 4*p - 594, 0 = q*p + 4*b - 988. What is the highest common divisor of p and 44?
44
Let t = 430 + 100. Calculate the highest common divisor of t and 20.
10
Let z = -462 + 498. What is the greatest common divisor of z and 12?
12
Suppose 3*v + 4*p - 2 = 0, -3*p + 4 = v - 5*p. Suppose -50 = v*z + 5*n, -3*z - n = 65 + 10. Let s = -23 - z. Calculate the highest common factor of s and 18.
2
Let o = -2 + 4. Suppose o*l - 5*l = -9. Suppose -l*i + 12 = -0*i. Calculate the greatest common factor of 8 and i.
4
Let g = -20 - -43. Let p(w) = 168*w + 2948. Let q be p(-17). Calculate the greatest common divisor of q and g.
23
Let o be ((-16)/10)/((-11)/2420). What is the greatest common factor of 32 and o?
32
Let y(t) = -t**2 - 29*t - 14. Let c be y(-28). What is the greatest common divisor of c and 434?
14
Let f(d) = 2*d - 2. Let r be f(8). Suppose 224 = 28*v + 4*v. What is the greatest common factor of r and v?
7
Let a = -79 + 81. Suppose -7 = -2*n - 5*f, 4*n + 0*f + a*f = 6. What is the highest common factor of n and 1?
1
Suppose -4*v + 49 = 5*k, 0*v + v = -3*k + 14. Let m = 1478 + -1357. Calculate the highest common divisor of m and v.
11
Suppose 0 = -3*l - 3*t + 138, -66 = -l + 2*t - 11. Let c = 79 - l. What is the greatest common factor of c and 10?
10
Suppose 6*d - 3402 = -3*d. Calculate the highest common factor of 28 and d.
14
Suppose -34*w + 27*w + 28 = 0. Suppose m - 200 = -w*o, -8*o = -4*o - 4*m - 200. What is the highest common divisor of o and 30?
10
Let u(g) = -23*g + 100. Let m be u(-16). Calculate the greatest common divisor of 52 and m.
52
Let f(j) = -j**2 + 19*j - 74. Let n be f(10). Calculate the highest common factor of 88 and n.
8
Let t(b) = -5*b. Let g be t(-2). Suppose 13 - 21 = -4*p. Suppose -p*k + s = -98, -k + 4*k = -2*s + 154. Calculate the greatest common factor of g and k.
10
Let y = 913 + -745. What is the greatest common factor of 120 and y?
24
Suppose -12 = -4*h - 0*h. Let a(z) = 4*z + 3. Let x be a(h). Suppose -v = -2*g - 9, -9*g = 2*v - 4*g - 45. What is the highest common factor of x and v?
15
Suppose 5*c - 21*c + 176 = 0. What is the greatest common factor of c and 77?
11
Let s = 1420 + -1412. Calculate the highest common factor of s and 392.
8
Let a = -34 - -37. Let x be (-45)/a*2/(-3). What is the greatest common factor of 80 and x?
10
Let t be 7*(-1 - (-17)/7). Suppose 0 = 5*b + t - 30. Let h(w) = 3*w**2 - w - 2. Let c be h